 a be ((-3)/(-8) - 0) + (-5589)/(-72). Calculate the greatest common divisor of a and 24.
6
Let n(b) = b**3 + 25*b**2 + 14*b - 15. Let q be n(-21). Calculate the greatest common factor of 15 and q.
15
Suppose 4*h + 3*g = 1766, 1750 = 3*h + h - 5*g. What is the greatest common divisor of 240 and h?
40
Let v(d) = -4*d**3 - 4*d**2 - 3*d + 4. Let n be ((-20)/5)/((-10)/1)*-10. Let b be v(n). Let g be 5/(5/2) + 24. Calculate the highest common divisor of b and g.
26
Suppose 4*x + 104 = -0*x. Suppose -2*f + 25 = -287. Let l be 1116/f - (-4)/x. What is the greatest common factor of 7 and l?
7
Suppose 5*a - t = -5*t + 150, 0 = -4*t. Calculate the greatest common divisor of a and 255.
15
Let n = -17 + 17. Suppose n = -2*r + 10, 174 + 396 = 5*j + 2*r. What is the highest common divisor of j and 28?
28
Suppose 28*p - 791 = 1953. What is the highest common divisor of 14 and p?
14
Let l be (-6)/(-9) - 101/3. Let i be (-6)/(-33) + (-522)/l. Suppose 2*w - i = -5*s, 4*w = -s - 21 + 71. Calculate the greatest common divisor of 13 and w.
13
Let d(s) = 19*s**3 - s**2 + s. Let q be d(1). Let c(l) = -2*l**2 - 116*l - 762. Let o be c(-50). What is the highest common divisor of q and o?
19
Let v = -82 + 95. Let h = 136 - -72. Calculate the greatest common factor of h and v.
13
Suppose 12*m = 14*m - 8. Let f(s) = s**2 - 5*s + 4. Let y be f(6). What is the greatest common factor of m and y?
2
Suppose -2*j + 6 = 0, 4*h - 4*j + 2*j = 198. Let m = h + -29. What is the highest common divisor of 66 and m?
22
Let u be (-32 - -3)*1*-1. Let i(y) = -y**2 - 12*y - 6. Let k be i(-7). Calculate the highest common factor of k and u.
29
Let y = 90 - 100. Let v be (-5)/(y/38) - -1. Calculate the greatest common divisor of 40 and v.
20
Let r = -125 + 54. Let z(d) = -7*d - 3. Let y be z(4). Let s = y - r. Calculate the greatest common divisor of s and 16.
8
Let o(m) = 11*m**2 - m - 4. Let z be o(-3). Suppose 3*v + 28 = 5*v. What is the greatest common factor of v and z?
14
Let p(y) = 14*y - 10. Let j be p(5). Let a(k) = 0*k + k**2 + 9*k**2 + 0*k. Let q be a(1). What is the greatest common factor of j and q?
10
Suppose 14*d + 12*d = 9828. Calculate the greatest common factor of d and 21.
21
Let h(s) = -14*s + 126. Let d be h(7). Calculate the greatest common factor of 28 and d.
28
Suppose -7*o - 5*l + 22 = -6*o, 4*o = l + 130. What is the greatest common divisor of o and 992?
32
Suppose -4 = -0*d - 4*d. Suppose 64 = 6*k + 52. Let u = d + k. Calculate the highest common divisor of u and 2.
1
Suppose 87 = -9*n + 402. What is the greatest common divisor of 385 and n?
35
Let r(q) = q**2 + 19*q - 11. Let w be r(-19). Let n = w - -21. Calculate the highest common divisor of 50 and n.
10
Let x(p) = 1186*p**3 - 16*p**2 + 17*p + 1. Let o be x(1). Calculate the highest common factor of o and 108.
108
Let x(t) = 3*t - 6. Let m be x(5). Suppose -19*o + 2165 - 968 = 0. What is the greatest common factor of o and m?
9
Suppose -2*k - k - 75 = 0. Let x = 74 - k. What is the greatest common divisor of 9 and x?
9
Let v be 0/(-17) - (-1163 + 6/3). What is the highest common factor of 43 and v?
43
Let u = 758 - 749. Calculate the highest common divisor of 657 and u.
9
Suppose a = 3 - 1. Let i(h) = -h**a + 4*h**2 - 5*h - 3*h - 4*h. Let q be i(5). Calculate the greatest common divisor of 45 and q.
15
Let b(o) be the second derivative of -5*o**3/6 + 2*o**2 - 2*o. Let m be b(-7). Suppose -m = -4*y + 621. Calculate the greatest common factor of 15 and y.
15
Suppose -14*d + 12*d + 594 = 3*j, 4*d - 600 = -3*j. Calculate the highest common divisor of 112 and j.
28
Let w(l) = l - 14. Let v be w(15). Let z(b) = 8*b**3 + b**2 + 2*b - 2. Let c be z(v). Let q = c - -5. Calculate the greatest common factor of 70 and q.
14
Let y(z) be the third derivative of -z**4/6 + 20*z**3/3 + 10*z**2. Let d be y(7). What is the greatest common divisor of 28 and d?
4
Let g = 0 + 15. Let v be 15*((34 + -1)/3)/1. Calculate the greatest common factor of g and v.
15
Let r(l) = 5 + 0*l**2 + 0 + 2*l - 3*l**2 - 4 - l**3. Let o be r(-4). Let m = -1 + 2. Calculate the highest common factor of o and m.
1
Let d be 60/180*(-1 + 67 + 0). What is the highest common divisor of d and 803?
11
Suppose -17 - 58 = -3*o. Suppose -6*a - 30 = -9*a. Calculate the greatest common divisor of a and o.
5
Let a be (-7)/(-2) - (-2)/4. Let h be (-9)/2 - (-2)/a. Let s be (11 + h)*(0 + 1). What is the greatest common factor of 63 and s?
7
Let d = 43 + 27. Let l be 1/((-1)/(1 - 0)). Let v be 3 + l - 26/(-1). What is the highest common factor of v and d?
14
Let u(k) = -k**2 - 5*k + 12. Let z be u(0). Suppose 2*g = 5*h - 12 + 3, h - 5*g + z = 0. Suppose 0*s = -4*s + 12. What is the greatest common factor of s and h?
3
Let v(j) = -4*j + 1. Let b be v(-1). Let f be ((7 + -5 - -3) + -11 - -55) + 6. Calculate the greatest common divisor of f and b.
5
Let p be ((-56)/(-6))/(3 + 24/(-9)). Suppose -28*h + 27*h + p = 0. Calculate the greatest common divisor of 70 and h.
14
Let l = 1619 + -1558. Calculate the greatest common divisor of 4 and l.
1
Suppose 0 = -4*p - 2*b + 98, 0 = -5*p - b - 0*b + 130. Let l = 606 + -309. What is the highest common divisor of l and p?
27
Let i(j) be the third derivative of j**6/120 + 13*j**5/60 - 5*j**4/24 + 5*j**3/6 + 11*j**2. Let g be i(-13). What is the greatest common divisor of g and 14?
14
Let s = 199 - 173. Calculate the highest common divisor of s and 104.
26
Let r be ((-2)/4)/(4/48). Let j be (-2)/(-3)*(r - -186). Suppose -2*w + 4*o + 36 = 0, 0*o + 12 = 4*o. Calculate the greatest common divisor of w and j.
24
Let y = 1471 - 1401. Let u = 4 + 2. Let x = u + 8. What is the highest common factor of y and x?
14
Let t(x) = -2*x**3 + x**2 + x - 4. Let r be t(-3). Suppose -797 = 4*v - 853. What is the greatest common divisor of r and v?
14
Suppose -a - 15 = -2*t, 5*a - 3*a + 39 = 5*t. Let k be (3 - 3/t) + (-3)/(-9). Let w(i) = i + 6. Let n be w(-3). Calculate the highest common divisor of n and k.
3
Suppose -6 + 48 = -d - 3*v, -4*v - 46 = d. Let n = -20 - d. Calculate the highest common divisor of n and 70.
10
Suppose -7*p = -9*p - 5*z + 1325, 5*p + z - 3324 = 0. Suppose -5*t + 820 = -p. Calculate the greatest common divisor of 27 and t.
27
Let v = -3 - -17. Let j = 143 - 129. Calculate the greatest common divisor of v and j.
14
Let z be ((-12)/(-10))/(3/10). Suppose -z*j - b = -33 + 6, -3*b = -j + 10. Calculate the greatest common factor of 77 and j.
7
Suppose 0 = -2*j + 243 + 89. Let c = j + 159. Suppose 4*x - 2*l - 310 = 0, -5*x = -x + l - c. What is the greatest common divisor of x and 200?
40
Let i = 6 - 4. Suppose 11*t = 233 + 823. Let r be (t/(-15))/(i/(-10)). What is the greatest common divisor of 16 and r?
16
Let w = -38 - -75. Calculate the greatest common factor of 407 and w.
37
Let b(h) = h**3 + 10*h**2 + 9*h - 4. Let x be b(-9). Let k be x/((-116)/28 - -4). Suppose -2*d + 512 = -104. What is the highest common divisor of k and d?
28
Let p = 871 + -1318. Let o = p + 694. Calculate the greatest common factor of 13 and o.
13
Suppose -1624 = -4*d - 5*a, -2*d - 3*a + 812 = -0*a. What is the greatest common divisor of d and 29?
29
Suppose 3 = 4*z - 17. Suppose -3*o = -3*p - 219, 2*o - 3*p - 148 = -2*p. What is the greatest common factor of z and o?
5
Let n be 102/42 - 12/(-21). What is the highest common divisor of n and 57?
3
Let q(t) = 3 + 3*t + 2*t**3 - t**2 - 2*t**3 - 4*t**3 + 3*t**3. Let c be q(-2). Calculate the greatest common factor of 1 and c.
1
Let u be ((-18)/2 + -1)*(-9)/18. Let y be 0 - (0 + -40 + u). Calculate the highest common divisor of 28 and y.
7
Let d(x) = 35*x**2 - 3*x + 2. Let c be d(3). Suppose -177 = -8*b + 47. What is the highest common factor of c and b?
28
Let g = -1 - 14. Let l = 19 + g. Suppose l*c - n = -c + 519, 0 = -5*c - 5*n + 525. Calculate the highest common factor of 13 and c.
13
Suppose 3*g - r + 13 = g, 0 = 3*g + 5*r + 39. Let f(q) = -q**3 - 8*q**2 - 6*q - 23. Let p be f(g). What is the highest common divisor of p and 10?
5
Suppose 0 = -3*g - 4*w + 112, -5*g + 8*w + 152 = 6*w. What is the greatest common divisor of 56 and g?
8
Suppose -7*d = 511 - 791. What is the highest common divisor of 520 and d?
40
Let h be 68/(-51)*(-6)/4. Suppose -3*m = i + 5, h = -m - 1. Suppose 0 = -l - 4*l + 20. Calcul